5*j + 4*h = -0*h - 64, -4*h + s = 0. List the prime factors of j.
2
Let h(w) = 6*w**2 - 1. Let v be h(-1). Suppose 3*g = -v*u + 4 + 2, g = -3. Suppose u*l - 6*l = -66. What are the prime factors of l?
2, 11
Let m = -7 - -13. Suppose d = -8 + 4. Let r = d + m. What are the prime factors of r?
2
Suppose 8*s - 11*s = -15. Suppose -2*x = -s*k - 86, -k + 169 = 5*x + 8. List the prime factors of x.
3, 11
Let g(s) = 15*s**2 + 3*s - 15. Let n(q) = 7*q**2 + 2*q - 7. Let u(r) = 6*g(r) - 13*n(r). What are the prime factors of u(-7)?
2
List the prime factors of 2272/(-80)*10/(-4).
71
Suppose -b + 5*i = -47, -b = -3*b - 2*i + 82. List the prime factors of b.
2, 3, 7
Let f(s) = -s**3 - 6*s**2 + 5. Let l be f(-6). Suppose 2*r = -3 - 3, -l*a + 3*r = -104. List the prime factors of a.
19
Let g(f) = -5*f - 9. Let a be g(-11). Let o = -16 + a. What are the prime factors of o?
2, 3, 5
Suppose -17 - 95 = -4*y. Suppose -f + y = -3*v, -2*f + 36 = 5*v - v. What are the prime factors of f?
2, 11
Let k(u) = 4 + u**2 - u**3 - 4*u**3 - 2*u + 6*u**3 + 0*u**2. Let v be k(-3). Let q = -3 - v. What are the prime factors of q?
5
Suppose -5*l = -5*u + 455, -2*u = 5*l - 311 + 94. Let n = u + -67. What are the prime factors of n?
29
Let n = -43 - -72. Let z = n + 4. What are the prime factors of z?
3, 11
Suppose -5*o = 2*a - 3*o - 20, 5*o + 4 = 4*a. What are the prime factors of a?
2, 3
Let k(j) = j**3 + 2*j**2 + j + 3. Let g be k(-3). Let b = g + 11. Suppose y - 4 = -b*q + 9, 5*y = 15. What are the prime factors of q?
5
Let v(w) = -w**2 + w + 10. Let y be v(0). Suppose x + y = -5*l - 4*x, -2*l + 5*x + 24 = 0. What are the prime factors of l?
2
Let w(g) = -2*g**3 + g**2 - g - 1. Let f be w(-2). Suppose -5*n = -6*n + f. What are the prime factors of 1*n - 10/5?
19
Suppose 0 = -4*c - 5*s + 199, 2*c - 27 = -s + 74. List the prime factors of c.
3, 17
Let z(a) = 3 + a - a**2 + 4*a**2 + 3*a. Let l = 7 + -9. What are the prime factors of z(l)?
7
Suppose 2*w + n = 13, -w - 3*w = 3*n - 21. Suppose 2*g - 4*g = a, 0 = -3*g - w. Suppose 0 = -3*p - v + a + 8, 3*p - 3*v - 18 = 0. List the prime factors of p.
5
Let c = -10 - -11. Let i be 1/(-2)*56/c. What are the prime factors of 40/7 - 8/i?
2, 3
Let i = -48 + 120. Let t = i - 50. List the prime factors of t.
2, 11
Let b = 537 + -312. Suppose -3*z = 2*z - b. What are the prime factors of z?
3, 5
Suppose 3*d - 2*d = 0. Suppose z = -5*h + 4 + 11, d = 4*h - 3*z + 7. List the prime factors of h.
2
Let v = -5 - -4. Let s = v + 4. List the prime factors of s.
3
Suppose -4*a + 0 = -4*u + 20, 0 = 3*u + 3*a - 33. List the prime factors of u.
2
Let x = -2 - -6. List the prime factors of (6/x - -1)*2.
5
What are the prime factors of ((-42)/147)/((-2)/1246)?
2, 89
Let b(k) = k**2 + 4*k - 3. Suppose -5*o - 22 = -2*v, 0 = -2*v + o - 1 + 15. Suppose 2*h - v = 3*h. What are the prime factors of b(h)?
3
Suppose 10 = 4*x + 5*u, u - 24 = -4*x + 3*u. Suppose 0 = -x*t + t - 120. What are the prime factors of (-6)/(-15)*t/(-1)?
2, 3
Let q(v) = -3*v. Let o be q(-6). Suppose -4*t + 54 - o = 0. What are the prime factors of t?
3
Suppose c - 4*c + 12 = 0. Suppose -3*s - 44 = f - 3*f, 3*f - 65 = c*s. List the prime factors of f.
19
Let s(u) = -u + 7. Let x be s(-6). Suppose 5*i = j - x - 2, 11 = j - i. List the prime factors of j.
2, 5
Let c(j) = j**3 + 4*j**2 - 2*j - 2. Let m be (2 - (3 - 1)) + -3. List the prime factors of c(m).
13
Suppose n + 0*f + 2*f - 62 = 0, -f = 2*n - 112. List the prime factors of n.
2, 3
Suppose -143 = -2*m + s, 3*s = 4*m - 149 - 142. List the prime factors of m.
3, 23
Suppose 318 + 170 = 4*d. What are the prime factors of d?
2, 61
Suppose y + 6 = -d, -y + 2*d - 10 = -4. List the prime factors of 224/22 + y/33.
2, 5
List the prime factors of (-696)/(-16)*16/6.
2, 29
What are the prime factors of 1 + (4 - 3) - -29?
31
Let w(y) be the second derivative of y**3 + 1/2*y**2 - 2*y + 0. What are the prime factors of w(1)?
7
Let q(x) = -50*x - 1. Let h be q(-2). Suppose 4*l + 15 = h. What are the prime factors of l?
3, 7
Let u(m) = -m + 11. Let v be 72/(-20) + (-3)/(-5). Let c(b) = -b + 6. Let t(y) = v*u(y) + 5*c(y). What are the prime factors of t(-3)?
3
Let p(m) = m**2 - 12*m + 4. Let a be p(12). Suppose -3*j + 124 = 4*u, -a*j - 122 = -3*u + j. What are the prime factors of u?
2, 17
Suppose 2*l - 4*t - 40 = 0, 3*l + 2*t = l + 52. List the prime factors of 2 + l - (-3)/(-1).
23
Let t(b) = -b**3 - 9*b**2 - 4*b - 10. Let g be t(-10). Suppose -g = -6*i - 28. What are the prime factors of i?
17
Let q be (-21)/3 + 1 + 0. List the prime factors of (45/(-4))/(q/16).
2, 3, 5
Suppose 3*d - 38 = 22. Suppose -5*h = -h - d. Suppose -h = -3*i - 5*k, -5*i + 4*k = 2*k - 29. What are the prime factors of i?
5
Let f(g) be the first derivative of 2 - g**3 - 1/4*g**4 + 0*g - 3/2*g**2. List the prime factors of f(-3).
3
Suppose -2 = m, 2*m + m + 43 = w. List the prime factors of w.
37
Suppose 5*z - 81 = -3*u + 19, z + 4*u - 37 = 0. List the prime factors of z.
17
List the prime factors of ((-2492)/(-42))/((-2)/(-9)).
3, 89
Let d(u) = -68*u - 26. What are the prime factors of d(-3)?
2, 89
Suppose 4*p + 21 + 27 = 0. List the prime factors of 3/12 + (-69)/p.
2, 3
Let b = -20 + 12. Let x be (-28)/(-3) + b/(-12). Suppose 2 - x = -h. List the prime factors of h.
2
Let c be (0 - 17/(-1)) + 1. Let q be c - (-3 + 2)*2. What are the prime factors of (-1)/((-42)/q - -2)?
2, 5
Let w = -8 + 13. Suppose -w*d = -2*d + 12. Let q(j) = j + 7. What are the prime factors of q(d)?
3
Let q(s) = 4*s**3 + s**2 - 1. Let x be q(1). Let v = x - 7. Let g = 9 - v. What are the prime factors of g?
2, 3
Let v = 1 - -7. Suppose -2*l - 2*l + v = 0. What are the prime factors of l?
2
Let n = -16 + 20. Let s = 16 + n. What are the prime factors of s?
2, 5
Suppose 8*w - 88 = -8. What are the prime factors of w?
2, 5
Let j(c) = 4*c - 9. List the prime factors of j(7).
19
Let b = -5 + 5. Let k(s) = -s**3 + s + 3. What are the prime factors of k(b)?
3
Suppose 252 = -0*f + 4*f. Suppose -f - 36 = -3*b. What are the prime factors of b?
3, 11
Let r = 190 + -118. Suppose -5*o + 2*d - 120 = 0, -3*o + 2*d - 7*d - r = 0. Let g = o - -40. What are the prime factors of g?
2
Let r = 4 - -1. Let u = 10 - r. List the prime factors of u.
5
Suppose s + 5*u + 11 = -s, -2 = 2*s + 2*u. Suppose 0 = 2*b - s*r + 8, 0 = -5*b + 4*b - r - 2. What are the prime factors of b/((-6)/(-4)) + 4?
2
What are the prime factors of 3*(52/24 - 2/4)?
5
Suppose -4*r + 0*i = 2*i, 0 = 2*r + 4*i. Suppose r*y + 66 = 3*y. List the prime factors of y.
2, 11
Let a(z) = -z**3 + 9*z**2 - 8*z - 6. List the prime factors of a(6).
2, 3
Suppose -5*l - 35 = -2*j, 3*j = 5*l - 15 + 55. Let t = 10 + l. Suppose 3*g - c = 2*c - 3, 30 = t*g + 2*c. What are the prime factors of g?
2
Let o(a) = 25*a**3 - 2*a + 1. Let g be o(1). Suppose -8 - 31 = -5*k + 2*h, 3*k - g = h. List the prime factors of k.
3
Suppose -4*r + 9 = -11. Suppose -5*a + 12 = -a + 2*x, 5*x = -r*a + 5. List the prime factors of a.
5
Suppose -2*r + 5 = -19. Suppose -r = -w - 4. List the prime factors of w.
2
Let c = 65 + -44. What are the prime factors of c?
3, 7
Let h = -2 + 2. Let g = 5 + h. Suppose -2*u + r = -0*r - 8, g*u - 3*r - 18 = 0. What are the prime factors of u?
2, 3
Let p(w) = -w**3 - 5*w**2 - 4*w - 3. Let q be p(-4). List the prime factors of (-2)/12*q*14.
7
What are the prime factors of 4 + (71 - (4 - 2))?
73
Let o(f) = -f**3 + 15*f**2 - 12*f + 2. What are the prime factors of o(14)?
2, 3, 5
Suppose -4*u = -2*h - 12, 3*h - 32 = -6*u + 2*u. Let p = u - -10. What are the prime factors of p?
3, 5
Suppose 2*n + 5*j + 26 = 0, 2*n + 0*j + 38 = -2*j. Let f = 43 + n. List the prime factors of f.
2, 5
Let s(j) = 13*j + 4. Let r(q) = 10*q + 1. Let n(v) = -19*v - 1. Let y(m) = -2*n(m) - 5*r(m). Let l(p) = 4*s(p) + 5*y(p). List the prime factors of l(-1).
3
Let q = -185 + 363. List the prime factors of q.
2, 89
Let d be (-19)/(-3) + (-2)/(-3). Let i(s) be the first derivative of -s**3/3 + 7*s**2/2 + 3*s + 2. What are the prime factors of i(d)?
3
Suppose -126 = -q + 3*n, -q - q - 4*n = -272. List the prime factors of q.
2, 3, 11
Let f be -251 + ((-3)/(-3) - 0). What are the prime factors of f/(-12) - (-3)/18?
3, 7
Let a be -4 + 0 - (6 - 9). What are the prime factors of 7 + 9 - a*1?
17
Let c(p